e 3.
2112121000
Convert 13342352 (base 6) to base 16.
6d9dc
11384c (base 14) to base 15
b89dd
Convert -1144303 (base 7) to base 16.
-238ae
-5e6f7 (base 16) to base 15
-79922
-425433 (base 9) to base 16
-3dd85
-a83c1 (base 15) to base 2
-10000010011001011010
What is -a9a524 (base 12) in base 4?
-22101131230
Convert 220015245 (base 6) to base 2.
1110111101011010101101
What is 338945 (base 11) in base 2?
10000011100011101110
-234863 (base 9) to base 2
-100010100001011010
Convert 5938b5 (base 12) to base 11.
8a1918
1000110100000111111 (base 2) to base 9
480173
What is 11536564 (base 8) in base 13?
6ab7b7
-373737 (base 8) to base 2
-11111011111011111
1864 (base 12) to base 9
4044
What is -4ff6b (base 16) in base 10?
-327531
What is -2242718 (base 12) in base 10?
-6557060
Convert -2372bd (base 14) to base 10.
-1210663
-181179 (base 14) to base 5
-204120244
What is -257107 (base 13) in base 15?
-12be31
What is -515302 (base 8) in base 4?
-221223002
Convert 414152200 (base 6) to base 8.
33356050
What is -3666650 (base 9) in base 11?
-1141317
Convert 12101043 (base 5) to base 11.
776a8
111110111001010100111101 (base 2) to base 6
1345220045
Convert 24242 (base 7) to base 11.
480a
-324333120 (base 5) to base 16
-1565ad
What is 48a51a (base 12) in base 10?
1179238
What is -280834 (base 9) in base 16?
-29d01
What is -fb9a (base 16) in base 12?
-31336
101010010110011000001 (base 2) to base 9
2544523
1000111001100011100100 (base 2) to base 4
20321203210
What is 1dac1 (base 14) in base 12?
38135
What is 100000101111111110 (base 2) in base 10?
134142
-1116 (base 11) to base 8
-2675
-210212100021000 (base 3) to base 15
-1047d30
Convert -a44516 (base 11) to base 14.
-318604
-1104502451 (base 6) to base 2
-101101101101101000111111
Convert 1514230 (base 6) to base 4.
111123222
1222241130 (base 5) to base 11
1721a45
Convert 22a32e (base 15) to base 11.
a30033
Convert 172875 (base 11) to base 12.
10a7aa
What is 775585 (base 11) in base 8?
4560315
What is -2300266 (base 7) in base 11?
-185858
-25b54 (base 14) to base 11
-63788
15555262 (base 8) to base 15
4b0270
What is 244001 (base 6) in base 9?
32561
1030222313 (base 4) to base 2
1001100101010110111
Convert -74643 (base 8) to base 2.
-111100110100011
What is 1222122010110 (base 3) in base 16?
101bc5
Convert 10313230013 (base 4) to base 3.
2101212021102
What is 120333210 (base 5) in base 9?
1041166
Convert -332401304 (base 5) to base 9.
-2650267
Convert 561763 (base 13) to base 16.
1efebc
What is 443100422 (base 5) in base 16?
1d5ff8
What is 194797 (base 12) in base 2?
1101100010001100011
11376 (base 14) to base 15
c602
-225044 (base 9) to base 7
-1101211
What is 391e73 (base 15) in base 9?
5136080
1ac6d (base 15) to base 6
1511334
-203310302113 (base 4) to base 3
-122200010101021
Convert 5aa64 (base 13) to base 7.
1262363
What is -61222 (base 10) in base 14?
-18450
What is 5336626 (base 7) in base 2?
10011110010000110001
Convert 2303101310 (base 4) to base 2.
10110011010001110100
What is -38705 (base 12) in base 8?
-226365
What is -100a5a (base 16) in base 5?
-232114401
What is 65aec (base 15) in base 13?
b40a8
-65f37c (base 16) to base 10
-6681468
What is -3250254 (base 6) in base 8?
-474472
What is -10422103 (base 6) in base 10?
-314103
What is 36d0b (base 14) in base 3?
20211012000
Convert -2613254 (base 8) to base 4.
-2301122230
What is 11c931 (base 15) in base 2?
11010000001001011011
What is 1088f5 (base 16) in base 5?
234134022
What is 51103 (base 8) in base 16?
5243
What is 253210332 (base 6) in base 16?
4b0290
Convert -639aa1 (base 14) to base 8.
-14664035
Convert -166aac (base 13) to base 5.
-120321143
-238920 (base 10) to base 13
-84996
Convert 777035 (base 13) to base 4.
22233013001
-61b3 (base 12) to base 10
-10647
What is 3b188 (base 12) in base 11?
56229
What is 525320504 (base 6) in base 8?
43122470
1260231 (base 7) to base 12
7bb39
23676 (base 13) to base 8
176470
-32747612 (base 8) to base 7
-114025034
What is -340610 (base 8) in base 10?
-115080
Convert -11011000001101110 (base 2) to base 10.
-110702
What is -1ab52 (base 12) in base 13?
-1508c
Convert be648 (base 15) to base 9.
1122575
9be08 (base 15) to base 12
1bab98
Convert 473302 (base 11) to base 3.
1102011020122
Convert 111448 (base 11) to base 7.
1336444
-40131212 (base 5) to base 15
-641dc
What is 1105a0 (base 13) in base 14?
a6109
-424324 (base 6) to base 5
-2102214
Convert 566116 (base 7) to base 15.
1ebe1
Convert -21545130 (base 6) to base 9.
-1203000
-1a41b (base 13) to base 11
-35544
Convert 33046130 (base 8) to base 5.
3304104212
What is 3512465 (base 7) in base 6?
13234252
-15266299 (base 10) to base 11
-8687884
-1604f (base 16) to base 11
-61842
6811c (base 16) to base 5
102120033
-24332001 (base 5) to base 16
-3836b
Convert -236a0 (base 13) to base 11.
-44801
Convert -59951 (base 13) to base 6.
-3304005
Convert 2150726 (base 10) to base 8.
10150506
b2e9a2 (base 16) to base 13
2576bcb
What is 1111011000000001011011 (base 2) in base 6?
222215551
Convert -3848210 (base 10) to base 5.
-1441120320
What is -20222102201122 (base 3) in base 14?
-6c7933
4a2999 (base 12) to base 6
41514313
Convert 12640 (base 9) to base 12.
4b39
9306b6 (base 12) to base 7
25400256
Convert 484286 (base 10) to base 16.
763be
What is -644023 (base 9) in base 13?
-105711
Convert -2332311 (base 5) to base 13.
-16659
Convert 563207 (base 8) to base 5.
22040322
What is 15050643 (base 7) in base 15?
1d1e63
Convert b28b5 (base 12) to base 4.
320312021
What is -10096 (base 11) in base 6?
-152134
What is -1478681 (base 9) in base 8?
-3101363
213243 (base 5) to base 10
7323
Convert 100100100001000101 (base 2) to base 8.
444105
What is -4615c1 (base 13) in base 3?
-10010022201202
What is -722810 (base 9) in base 15?
-86ec0
-d633a (base 15) to base 11
-424249
Convert -20143555 (base 6) to base 9.
-1063858
-3322103020 (base 4) to base 11
-6402a2
Convert 1111100010100110 (base 2) to base 10.
63654
1403141 (base 6) to base 11
53a56
1010110111000 (base 2) to base 8
12670
Convert 5b885c (base 13) to base 3.
11010020121211
What is -2131528 (base 9) in base 10?
-1142774
Convert 242014201 (base 5) to base 13.
30579c
What is 34394c (base 14) in base 8?
6617060
-22110422 (base 5) to base 7
-1424623
What is -142313633 (base 7) in base 2?
-100011101010010101011000
-142334 (base 11) to base 3
-102022110022
42305 (base 8) to base 9
26131
What is 53576 (base 15) in base 4?
1000210212
4d0045 (base 15) to base 7
43261415
-12120121020 (base 3) to base 15
-227e3
-33020654 (base 7) to base 15
-3ad20b
What is -2d7168 (base 14) in base 5?
-402011202
-312054 (base 13) to base 12
-473873
Convert 51415033 (base 6) to base 16.
16949d
Convert 4488744 (base 9) to base 8.
11170227
What is 23230002 (base 4) in base 12?
23856
What is -222222102101 (base 3) in base 2?
-10000001101001001011
-101101000100101110 (base 2) to base 5
-21401442
Convert -112524350 (base 6) to base 2.
-111111111100011101010
What is 7143168 (base 9) in base 14?
711914
-10171015 (base 8) to base 4
-20033020031
What is -107520 (base 9) in base 6?
-1214543
Convert 2c1504 (base 13) to base 10.
1088364
Convert 3551a7 (base 13) to base 5.
311033400
212716 (base 10) to base 13
75a8a
10011100011110 (base 2) to base 16
271e
Convert 11022021010 (base 3) to base 15.
1a1a6
76146 (base 14) to base 6
10042214
101011110010111010010 (base 2) to base 16
15e5d2
Convert -14713375 (base 9) to base 12.
-255667b
Convert 44b55 (base 14) to base 13.
5ac53
What is -11002200100220 (base 3) in base 15?
-2d0749
What is 2151001 (base 6) in base 5?
11422120
Convert -1384268 (base 11) to base 9.
-4423256
-10212310200 (base 4) to base 14
-236120
Convert -2c1ac8 (base 15) to base 14.
-3d6dc3
-2001202220 (base 4) to base 13
-157685
-1260902 (base 11) to base 8
-10246710
-23801 (base 13) to base 4
-33320222
1004374 (base 9) to base 16
8288b
Convert -82c7a (base 13) to base 15.
-49976
What is -e1300 (base 16) in base 2?
-11100001001100000000
What is -202200220222 (base 3) in base 8?
-1433640
Convert -218771 (base 9) to base 6.
-2451014
-b5a06 (base 14) to base 7
-3503506
What is 7732 (base 15) in base 10?
25247
Convert -756918 (base 14) to base 5.
-2004200343
What is -32434240 (base 7) in base 5?
-1203004411
443413240 (base 5) to base 14
3854a1
Convert -11341